e -124 - (2*-4 - -4). Let z = f + 83. Let d = z - -53. What is the highest common divisor of 32 and d?
16
Let j be 299/(-52)*-4*(1 + 5). Calculate the greatest common divisor of j and 9729.
69
Let f = 71 + -67. Suppose 0 = f*t + 3*u - 38, -10*t + 8*t + 4*u + 30 = 0. Let c = 10 - 9. Calculate the greatest common divisor of t and c.
1
Suppose 2*h + a + 449 = 2*a, -a + 5 = 0. Let r = -172 - h. Calculate the highest common divisor of 125 and r.
25
Suppose 0 = 13*z - 16*z + 162. Let d = 5776 - 5578. What is the highest common divisor of d and z?
18
Let a = 7192 + -3924. Calculate the highest common factor of a and 152.
76
Let q = 57 + -46. Let g = -5 + q. Suppose f - 4 = -2*y + 6, 0 = 4*y + f - 22. Calculate the highest common factor of g and y.
6
Suppose 2*h + 5159 - 15869 = 0. Calculate the greatest common factor of 21 and h.
21
Let c(z) = z + 32. Let p be c(0). Let r = 5060 + -4820. What is the highest common divisor of p and r?
16
Let d(o) = -2*o**3 - 7*o**2 - 3*o + 2. Let m = -69 - -65. Let h be d(m). What is the highest common factor of 30 and h?
30
Let r = 88 + -64. Suppose 30 = 3*v - 2*v - 3*q, 4*v = 5*q + 134. Suppose -v = -2*x - x. Calculate the greatest common divisor of r and x.
12
Let q = -14577 - -14769. What is the highest common divisor of 33 and q?
3
Suppose 6*b + 147 + 93 = 0. Let l be 72*(-2 + b/(-15)). Let d = l + 0. What is the greatest common factor of d and 16?
16
Suppose -2*q - 3*d - 1 + 8 = 0, -q = d - 3. Let o be (-76)/(-4) - 10/q. Let x be ((-14)/3)/(2/(-30)). Calculate the highest common divisor of x and o.
14
Let d(p) = 95*p**2 + 18*p + 212. Let f be d(-9). What is the highest common factor of 5 and f?
5
Suppose 246*i = 81*i - 850 + 3325. Let u be 3/((-1)/270*-2). What is the highest common factor of u and i?
15
Let q(a) = 4*a**2 + 4*a - 4. Let y be q(2). Suppose 0 = z + 12 - y. Let v = z - 0. What is the highest common factor of 40 and v?
8
Suppose 403 = 5*u + j - 2*j, 0 = -2*j - 6. Let q = 160 - u. Suppose 5*z + 20 = 70. What is the highest common divisor of z and q?
10
Let v = 311 + -305. Calculate the highest common divisor of v and 807.
3
Let t(x) = x**3 - 16*x**2 + 17*x - 26. Let i be t(15). Let q be 5/15 - ((-165)/(-9) + 0). Let r = q + 54. What is the highest common factor of r and i?
4
Let x be (-6 - -4)/((-2)/31). Let o be (-48)/(-2)*-155*(-4)/30. What is the highest common factor of x and o?
31
Let r(p) = 10*p - 43. Let b be r(9). Suppose o - 2*o + b = 0. What is the greatest common divisor of 47 and o?
47
Let z(l) = l**2 + 3*l + 5. Let k be z(-6). Let s be 2 + (-4 - -5) + -3. Let w be s/4 + -5 + 79 + -5. Calculate the greatest common divisor of w and k.
23
Let n = 21723 + -14359. What is the greatest common factor of 42 and n?
14
Let c = 106 - 99. Suppose 0 = -w + 3*v - 5, -c + 11 = 2*w + v. Suppose -2*n - 2 = -4. What is the greatest common divisor of n and w?
1
Let w(f) = f**3 + 40*f**2 + 363*f - 4. Let n be w(-21). Calculate the highest common factor of n and 141.
47
Let k(v) = -6*v + 16. Let y be k(3). Let x be 135*1*y*(-2)/12. Let m = x + 109. Calculate the greatest common factor of m and 14.
14
Let s = 249 + -89. Let u(z) = 5*z**2 + 8*z + 12. Let b be u(-2). What is the greatest common factor of b and s?
16
Let s be 1/((1/9)/1). Let d be ((-6)/(-18) - 0)*12. Suppose -4*n + 8*n = -12, d*g = -3*n + 15. What is the greatest common factor of g and s?
3
Let x be 8/24 + 103*10/6. Suppose -2*j + x = -528. Calculate the highest common factor of j and 14.
14
Let x = -136 + 274. Suppose 3*h = -11244 + 11259. Suppose 2*g + h*v - 17 = 0, -14 = -5*g + 3*v + 13. What is the highest common divisor of x and g?
6
Suppose 0 = 9*u + 324 + 3159. Let j = 215 - u. What is the greatest common factor of j and 172?
86
Suppose 179*a - 173*a = 270. Let p(m) = -m + 73. Let o be p(a). Calculate the highest common divisor of o and 812.
28
Let g be ((-754)/(-203))/(12/336). What is the greatest common divisor of 7982 and g?
26
Let p(k) = 2*k**3 - 61*k**2 - 30*k - 26. Let j be p(31). Suppose j*t - 25 = 5*o, 0 = 4*t - o - 22 - 13. Calculate the highest common factor of t and 10.
10
Let s be (-1)/(-1) - 25/5. Let q be (-6)/s - (-6)/12. Suppose 5*k = -3*n + 41, -5*n - 2*k + 43 = -0*k. Calculate the greatest common factor of q and n.
1
Suppose -34*v = 1695 - 6931. What is the greatest common divisor of v and 3542?
154
Let k = -2911 + 3052. What is the highest common divisor of 799 and k?
47
Let f = -27 - -51. Suppose -5*m = -m - f. Suppose 2*h - 10 = -4*j, m*h = 3*h + j + 50. What is the greatest common divisor of 45 and h?
15
Let h(c) = -204*c**2 - 1317*c - 14. Let l be h(-6). Calculate the highest common divisor of l and 85.
17
Suppose 0*z - 5*j - 1084 = -3*z, 0 = -j + 4. Suppose 1213*m = 1215*m - 32. Calculate the highest common divisor of z and m.
16
Suppose 5*m = 2*m + 117. Let k be (13/((130/(-40))/13))/(16 + -18). Calculate the highest common factor of m and k.
13
Suppose -8*b + 291 + 279 + 102 = 0. What is the greatest common divisor of b and 112?
28
Suppose 0 = 4*q + 4*r + 43 - 79, 2*q = 4*r + 12. Calculate the greatest common factor of q and 3592.
8
Let c = -17904 - -24464. Calculate the highest common divisor of c and 82.
82
Suppose 2*d + d = 2*l - 10, -2*d - 12 = 4*l. Let s(r) = -r**3 - 3*r**2 + 8*r + 17. Let i be s(d). What is the highest common divisor of i and 4?
1
Let h = 4 + 14. Let l(g) be the third derivative of -4*g**4/3 - 113*g**3/3 - 20*g**2 + 1. Let o be l(-11). What is the highest common divisor of h and o?
18
Let b be (-6 - 0/6*1) + 6. Suppose b = 23*s - 212 - 64. Calculate the highest common factor of 900 and s.
12
Suppose 7 = 4*r - 37. Let u(w) = 2 + 0 - 3*w + 2*w + w**2 - 9*w. Let p be u(-5). Calculate the greatest common divisor of r and p.
11
Suppose 9126 = 2*g + 8626. Calculate the highest common factor of 1850 and g.
50
Let c be (-4 + -2)*(0 - 9). Let n(p) = -29406*p - 146949. Let x be n(-5). Calculate the highest common factor of c and x.
27
Let m(c) = c**2 - 4*c + 67. Let j be m(0). Suppose -60*a = -j*a. Suppose a*i + 4*i - 300 = 0. What is the highest common factor of i and 30?
15
Let s(q) = 3*q**3 + 40*q**2 + 83*q + 71. Let n be s(-9). What is the highest common divisor of n and 6177?
29
Let t = -805 - -132. Let s = -646 - t. Calculate the highest common divisor of 378 and s.
27
Suppose -4*j + 44 = -4*r, -2*j + 270 = -r + 239. Suppose -196 - 1644 = -4*p. What is the highest common divisor of j and p?
20
Let j be (-186)/(-4)*10/15. Suppose -242*t = -84*t - 39184. What is the greatest common factor of t and j?
31
Suppose 0 = -3*q - 12 + 48. Suppose -18*w = -141*w + 12055 + 30749. Calculate the highest common factor of w and q.
12
Suppose -2*i - 2*c - 364 = 0, -5*c = -10*c + 5. Let n = i + 268. Let g = n + -1. Calculate the highest common factor of 21 and g.
21
Suppose -2*j = 2*j - 12. Suppose j*i = i + 770. Let c(k) = 3*k**2 + 1163*k - 9461. Let w be c(8). What is the highest common divisor of w and i?
35
Suppose 8*t - 2*t = 162. Let v(a) = a**2 - 3*a - 1. Let j = -4 + 8. Let h be v(j). What is the greatest common factor of t and h?
3
Suppose 0 = -a - 3*l + 952 - 29, 3678 = 4*a + 5*l. What is the greatest common divisor of 1310 and a?
131
Let a be (-83)/((-1)/1) - 2. Let w = -3035 + 3143. Calculate the highest common factor of a and w.
27
Suppose 497 = 2*v + w, 128*v - 467 = 126*v + 5*w. Calculate the highest common factor of v and 902.
82
Let g = 24497 - 20585. Calculate the greatest common divisor of g and 264.
24
Suppose 2393 + 29150 + 163652 = 143*o. Calculate the greatest common divisor of 2145 and o.
195
Let l be (468/(-130) - 4/10)/(-1). Suppose -2*f + 124 = 2*m, -l*f = -3*m - 5*f + 190. What is the highest common divisor of m and 4?
4
Let l(t) = 37*t**2 + t + 2. Let x be l(2). Suppose 0 = -c - r + 61, 4*c - x - 96 = -2*r. Let w = 8353 - 8311. What is the greatest common divisor of w and c?
21
Suppose 507*b - 383 = 503*b - 3*f, -2*f - 82 = -b. Calculate the highest common factor of b and 13984.
92
Suppose 30*k = -26*k + 58464. What is the greatest common factor of 24 and k?
12
Let c be (145 + (-4)/1)/(-3 + 4). Calculate the greatest common divisor of 1504 and c.
47
Let w(v) = 2*v**2 + 23*v + 590. Let q be w(-26). Calculate the greatest common factor of 21 and q.
21
Suppose -17*j + 19*j = 0. S